**2 + 41*l + 8. Let h be n(19). Calculate the greatest common divisor of h and 325.
65
Let q be (7 - 11)*10/(-8). Let w(a) = 3*a - 2. Let u be w(q). Calculate the highest common divisor of u and 39.
13
Suppose -20 = -4*y, 657 = 2*t + 100*y - 105*y. Calculate the highest common factor of t and 22.
11
Let f be (-18)/54 + 421/3. Suppose 0 = -3*r - 2*r + 140. Calculate the highest common divisor of f and r.
28
Suppose 4*d = 1868 + 132. Calculate the highest common divisor of 400 and d.
100
Suppose 5*s = -7*u + 9*u + 1694, -2*u = -4*s + 1356. Calculate the greatest common divisor of 39 and s.
13
Let k be (6/(-3))/((-2)/3). Let j be (k + -4)/(3/(-27)). Suppose 3*a + j = 4*a. Calculate the greatest common factor of 18 and a.
9
Let d be (-2 + 4 + 0)*2. Let n be (4 - 0/d)*68. Calculate the greatest common factor of 34 and n.
34
Let g = -17 - -21. Suppose 0 = z + g*s + s - 228, -4*z - 3*s + 980 = 0. What is the greatest common divisor of 31 and z?
31
Let t = -1284 - -1304. What is the greatest common factor of t and 140?
20
Suppose 3*z = -6, 0*c - 27 = -5*c - 4*z. What is the highest common divisor of 1 and c?
1
Let q be (8/(-28) - 212/(-56))*8. Let n = 249 - 165. What is the highest common factor of n and q?
28
Suppose -4*u + 17 - 1 = 0, 260 = 3*v + 2*u. What is the highest common divisor of 196 and v?
28
Let y(k) = 2*k + 2. Let n be y(2). Let j be 102/9 + 4/n. Let x be (-3)/(-2)*40/j. What is the highest common factor of x and 55?
5
Suppose t = -t + 420. Let h = -100 + t. Let b = h + -14. Calculate the greatest common factor of b and 12.
12
Let q = -13 + 25. Let o(t) = -12*t - 332. Let b be o(-28). Calculate the greatest common factor of b and q.
4
Suppose 3*c + 2*d - 21 = 4*d, d + 3 = 0. Suppose 45 - c = 4*z. Let h = 42 - z. Calculate the highest common divisor of h and 64.
32
Let v be (-3)/1 + (9 - 2). Suppose -2*q = -6*q - v. Let k be ((-2)/(-4) + q)*-20. What is the greatest common factor of k and 15?
5
Let t(b) = b**3 + 13*b**2 + 9*b - 1. Let n be t(-12). Suppose 5*a = 5*u - n + 10, -2*u + 4*a = -18. Calculate the highest common divisor of u and 5.
1
Let k = -2 + 38. Let q(c) = 2*c + 8. Let y be q(2). Let h be (6/(-4))/((-2)/y). What is the greatest common divisor of h and k?
9
Suppose 2*y = 3*b - 287, -79*b + 75*b + 379 = y. What is the highest common factor of 20 and b?
5
Let x(z) = z**2 + 2*z - 1. Let f be x(-3). Let i = -24 - -27. Suppose -i - 1 = -g - c, 3*g = 5*c + 4. What is the highest common factor of g and f?
1
Suppose 7*f = 9*f + 264. Let x be (-2)/(-2)*(-12 - f). What is the greatest common factor of 12 and x?
12
Let c = 2681 - 2657. Calculate the greatest common factor of 600 and c.
24
Let n be (15/6)/((-1)/2). Let y(z) = -z**3 - 5*z**2 - z + 3. Let r be y(n). Let g = 18 - r. Calculate the greatest common divisor of g and 90.
10
Suppose 0 = -6*z + 8*z - 8. Let p be -2 + 2 - (4 + -12 + -4). Calculate the greatest common factor of p and z.
4
Suppose h = -5*m + 57, -2*m + h + 26 = -1. Suppose x = 15 + 33. Calculate the greatest common divisor of m and x.
12
Let b(n) = n + 38. Let c be b(-8). Calculate the greatest common divisor of c and 140.
10
Suppose -2*y - q + 3 = -8, 0 = -3*y - q + 19. What is the greatest common divisor of 104 and y?
8
Let r be (-29)/(-3) - 1/(-3). What is the highest common divisor of r and 65?
5
Let f = -308 - -386. What is the greatest common factor of 312 and f?
78
Suppose -654 = -5*g - 224. Let f = g + -75. Calculate the greatest common factor of 44 and f.
11
Let l(s) = -s**2 - 7*s + 2. Let v be l(-11). Let m = -26 - v. What is the greatest common divisor of m and 4?
4
Let g = -695 + 839. Calculate the greatest common divisor of g and 126.
18
Let u be 4/(-32) + 2527/56. Suppose -d + 6*y - 2*y + 2 = 0, -6 = -3*y. What is the greatest common factor of u and d?
5
Let f be (15/14 + (-264)/462)*16. What is the greatest common factor of 12 and f?
4
Let z be (-20)/(3/(2 + -8)). Let x be (8/(-10))/((-16)/z). Suppose 3*m - x*k = 6, 2 = 3*k - 7. What is the greatest common factor of 2 and m?
2
Suppose 0*m + 4 = -4*m + 5*w, -4*m = -4*w. Suppose m*q - 2*j = 48, -4*q - 4*j = -3*j - 42. Calculate the highest common factor of q and 121.
11
Suppose -4*g = -y - 45, y + 27 = 2*g - 4*y. Let v = g + -6. Suppose 0 = 2*c + v*s - 54, -s = -5*c + 4*s + 65. Calculate the highest common divisor of 187 and c.
17
Let j = -106 - -330. What is the greatest common factor of 126 and j?
14
Suppose 236 - 116 = 5*s. What is the greatest common divisor of s and 42?
6
Let m be (1 - 1)/(37 + -38) - -133. Calculate the greatest common divisor of 14 and m.
7
Let s(g) = -5*g - 13. Let p be s(-4). Suppose 23 = x + 5*r, 2*x - 2*r = p*x - 46. Calculate the greatest common divisor of 20 and x.
4
Let h(b) = b**2 + 20*b + 15. Let s be h(-20). What is the greatest common factor of s and 30?
15
Let x = 323 + -296. What is the highest common factor of 432 and x?
27
Let n = 639 + -221. What is the greatest common divisor of 22 and n?
22
Let j be (-20 - -1)/(9 + 50/(-5)). Calculate the highest common factor of j and 475.
19
Let v = -7 + 9. Let k = 350 - -43. Suppose -v*a - 99 + k = 0. Calculate the highest common divisor of a and 21.
21
Suppose 2*c - c + 60 = h, h - 58 = 3*c. What is the highest common divisor of h and 1?
1
Let y be (2/(-2))/(-6 + 5). Let k = y + 8. Let b = 17 + -8. Calculate the greatest common divisor of b and k.
9
Suppose -8*v - 111 = -3*b - 9*v, -5*v = -4*b + 129. Let i(r) = 24*r - 2 + 1 + 1. Let x be i(1). Calculate the greatest common divisor of b and x.
12
Let h = 2 + 6. Suppose -a - n = -50, -h*a = -4*a + 2*n - 190. Calculate the highest common divisor of a and 9.
9
Suppose 0*o + 440 = 8*o. Suppose 37 = 3*b - 2*h, -2*h + 1 = b + 3*h. What is the highest common divisor of o and b?
11
Let d be 12/(-6) + 12/2. Let r(m) = 4*m**2 + 2*m + 2. Let c be r(-1). What is the greatest common divisor of c and d?
4
Let v(c) = -264*c**2 - c + 264*c**2 + 18 + c**3. Let j be v(0). What is the greatest common divisor of j and 27?
9
Let t be (-10)/(-35)*7*38. What is the highest common divisor of 12 and t?
4
Let l(b) = 69*b**3 - 2*b**2 + 3*b - 2. Let q be l(1). Let t be (4 + q/(-16))*-4. Calculate the greatest common divisor of t and 3.
1
Let k(u) = 2*u**3 - 7*u**2 - u - 7. Let t be k(5). Suppose 0 = -x - 7 + 9. Suppose 42 = x*a - 0*a. Calculate the greatest common divisor of a and t.
21
Let q be -5 + (32/(-24))/((-3)/36). What is the greatest common divisor of 319 and q?
11
Let x(h) = -3*h**2 - 2 + 0 + 18*h**2. Let m = 309 + -311. Let f be x(m). What is the greatest common factor of 29 and f?
29
Let i be ((-9)/15)/(2*2/(-120)). Suppose -5*z + i = h, 2*h - 3*z - 14 = -2*z. What is the greatest common factor of h and 4?
4
Let i = 169 + -19. Calculate the greatest common factor of 18 and i.
6
Let r = -841 - -858. Suppose -2*j = -3*s + 22 - 0, 4*s - 5*j - 41 = 0. Let m = s - -30. What is the greatest common divisor of r and m?
17
Let c(f) = f**3 - 3*f**2 + f + 3. Let z be c(4). Let r = 2273 - 2158. Calculate the highest common divisor of r and z.
23
Let y(z) = -z**2 - 8*z - 4. Let m be y(-6). Let b(j) = j + 7. Let p be b(1). Calculate the highest common factor of p and m.
8
Let r(t) = -t**2 - 10*t + 28. Let a be r(-13). Let d = -8 - a. Suppose -d*p = -6, -23 = -3*q - 2*p + 8. Calculate the highest common factor of q and 99.
9
Suppose -4*p + 0*q = 3*q - 128, 5*p - q - 160 = 0. What is the greatest common divisor of p and 44?
4
Let s(h) = 5 + h**2 + 0 - 3*h + 0*h**2 - 3. Let v be s(3). Calculate the highest common factor of v and 4.
2
Suppose 0*j + 5*b = -3*j + 709, -4*j - 5*b = -937. Suppose v - 5 = 7. What is the highest common factor of v and j?
12
Let k(n) = n - 16. Let v be k(6). Let r be (6/15)/(2/v) + 102. Suppose -5*y - c + 122 = 0, y - 4*c - 9 = 28. Calculate the highest common factor of y and r.
25
Suppose 5*f + 3*p = 3524, -2*f + 4*p + 1175 = -219. Calculate the greatest common divisor of f and 37.
37
Let w be 1586/183*(-2 + 1)*-51. What is the greatest common factor of w and 26?
26
Suppose -3*q - 2*q + 70 = 0. Suppose -10 = -2*w - 3*l, 0 = -7*w + 6*w - l + 4. Let v be 20/5*(w - -26). What is the greatest common factor of q and v?
14
Let h = 37 + -19. Suppose -14*o - 98 = 112. Let r(f) = f**3 + 17*f**2 + 25*f - 3. Let j be r(o). What is the gre